{"id":52,"date":"2021-06-23T11:48:39","date_gmt":"2021-06-23T09:48:39","guid":{"rendered":"http:\/\/labradomania.pl\/?page_id=52"},"modified":"2021-06-23T15:37:38","modified_gmt":"2021-06-23T13:37:38","slug":"o-nas","status":"publish","type":"page","link":"https:\/\/labradomania.pl\/index.php\/o-nas\/","title":{"rendered":"o nas"},"content":{"rendered":"\t\t<div data-elementor-type=\"wp-page\" data-elementor-id=\"52\" class=\"elementor elementor-52\" data-elementor-settings=\"[]\">\n\t\t\t\t\t\t\t<div class=\"elementor-section-wrap\">\n\t\t\t\t\t\t\t<section class=\"elementor-section elementor-top-section elementor-element elementor-element-88b9376 elementor-section-boxed elementor-section-height-default elementor-section-height-default\" data-id=\"88b9376\" data-element_type=\"section\">\n\t\t\t\t\t\t<div class=\"elementor-container elementor-column-gap-default\">\n\t\t\t\t\t<div class=\"elementor-column elementor-col-50 elementor-top-column elementor-element elementor-element-b74d37a\" data-id=\"b74d37a\" data-element_type=\"column\">\n\t\t\t<div class=\"elementor-widget-wrap elementor-element-populated\">\n\t\t\t\t\t\t\t\t<div class=\"elementor-element elementor-element-b905036 elementor-widget elementor-widget-image\" data-id=\"b905036\" data-element_type=\"widget\" data-widget_type=\"image.default\">\n\t\t\t\t<div class=\"elementor-widget-container\">\n\t\t\t\t\t\t\t\t\t\t\t\t\t\t\t<img width=\"191\" height=\"191\" src=\"https:\/\/labradomania.pl\/wp-content\/uploads\/2021\/06\/b11641048fb14a7755da381207516ea3_191x191.png\" class=\"attachment-large size-large\" alt=\"\" loading=\"lazy\" srcset=\"https:\/\/labradomania.pl\/wp-content\/uploads\/2021\/06\/b11641048fb14a7755da381207516ea3_191x191.png 191w, https:\/\/labradomania.pl\/wp-content\/uploads\/2021\/06\/b11641048fb14a7755da381207516ea3_191x191-150x150.png 150w, https:\/\/labradomania.pl\/wp-content\/uploads\/2021\/06\/b11641048fb14a7755da381207516ea3_191x191-140x140.png 140w, https:\/\/labradomania.pl\/wp-content\/uploads\/2021\/06\/b11641048fb14a7755da381207516ea3_191x191-50x50.png 50w, https:\/\/labradomania.pl\/wp-content\/uploads\/2021\/06\/b11641048fb14a7755da381207516ea3_191x191-80x80.png 80w\" sizes=\"(max-width: 191px) 100vw, 191px\" \/>\t\t\t\t\t\t\t\t\t\t\t\t\t\t\t<\/div>\n\t\t\t\t<\/div>\n\t\t\t\t<div class=\"elementor-element elementor-element-12b86e2 elementor-widget elementor-widget-image\" data-id=\"12b86e2\" data-element_type=\"widget\" data-widget_type=\"image.default\">\n\t\t\t\t<div class=\"elementor-widget-container\">\n\t\t\t\t\t\t\t\t\t\t\t\t\t\t\t<img width=\"960\" height=\"960\" src=\"https:\/\/labradomania.pl\/wp-content\/uploads\/2021\/06\/169177940_4420887607924596_8810676285232252254_n-960x960.jpg\" class=\"attachment-post-thumbnail size-post-thumbnail\" alt=\"\" loading=\"lazy\" srcset=\"https:\/\/labradomania.pl\/wp-content\/uploads\/2021\/06\/169177940_4420887607924596_8810676285232252254_n-960x960.jpg 960w, https:\/\/labradomania.pl\/wp-content\/uploads\/2021\/06\/169177940_4420887607924596_8810676285232252254_n-150x150.jpg 150w, https:\/\/labradomania.pl\/wp-content\/uploads\/2021\/06\/169177940_4420887607924596_8810676285232252254_n-140x140.jpg 140w, https:\/\/labradomania.pl\/wp-content\/uploads\/2021\/06\/169177940_4420887607924596_8810676285232252254_n-50x50.jpg 50w, https:\/\/labradomania.pl\/wp-content\/uploads\/2021\/06\/169177940_4420887607924596_8810676285232252254_n-666x666.jpg 666w, https:\/\/labradomania.pl\/wp-content\/uploads\/2021\/06\/169177940_4420887607924596_8810676285232252254_n-80x80.jpg 80w\" sizes=\"(max-width: 960px) 100vw, 960px\" \/>\t\t\t\t\t\t\t\t\t\t\t\t\t\t\t<\/div>\n\t\t\t\t<\/div>\n\t\t\t\t<div class=\"elementor-element elementor-element-d5da613 elementor-widget elementor-widget-image\" data-id=\"d5da613\" data-element_type=\"widget\" data-widget_type=\"image.default\">\n\t\t\t\t<div class=\"elementor-widget-container\">\n\t\t\t\t\t\t\t\t\t\t\t\t\t\t\t<img width=\"256\" height=\"154\" src=\"https:\/\/labradomania.pl\/wp-content\/uploads\/2021\/06\/fd363b0e6a1a7390a558dfeec07010ef_256x154.png\" class=\"attachment-medium size-medium\" alt=\"\" loading=\"lazy\" \/>\t\t\t\t\t\t\t\t\t\t\t\t\t\t\t<\/div>\n\t\t\t\t<\/div>\n\t\t\t\t\t<\/div>\n\t\t<\/div>\n\t\t\t\t<div class=\"elementor-column elementor-col-50 elementor-top-column elementor-element elementor-element-c7ae15f\" data-id=\"c7ae15f\" data-element_type=\"column\">\n\t\t\t<div class=\"elementor-widget-wrap elementor-element-populated\">\n\t\t\t\t\t\t\t\t<div class=\"elementor-element elementor-element-ba60ffe elementor-widget elementor-widget-text-editor\" data-id=\"ba60ffe\" data-element_type=\"widget\" data-widget_type=\"text-editor.default\">\n\t\t\t\t<div class=\"elementor-widget-container\">\n\t\t\t\t\t\t\t\t<p>Witam.<br \/><br \/>Hodowla Labradomania Ceg FCI jest ma\u0142\u0105 domow\u0105 hodowl\u0105 ps\u00f3w rasy Labrador\u00a0Retriever zarejestrowan\u0105 w ZKwP\/FCI.<\/p><p>Jest\u00a0to moja wielka pasja i mi\u0142o\u015b\u0107 do tych zwierz\u0105t od momentu pojawienia si\u0119 w moim \u017cyciu pierwszej suczki MILKI.<\/p><p>Hodowla ps\u00f3w w moim mniemaniu ma na celu hodowanie zdrowych, m\u0105drych i pi\u0119knych ps\u00f3w zgodnie z wzorcem FCI dlatego starannie dobieram skojarzenia zwracaj\u0105c uwag\u0119 na badania zar\u00f3wno w kierunku dysplazji jak i badania genetyczne.<\/p><p>Nasze psy s\u0105 cz\u0119\u015bci\u0105 naszej rodziny i najlepszymi przyjaci\u00f3\u0142mi, mieszkamy razem i sp\u0119dzamy ze sob\u0105 ka\u017cd\u0105 woln\u0105 chwil\u0119.<\/p><p>Zapraszam do odwiedzenia strony po\u015bwi\u0119conej mojej wielkiej pasji i mi\u0142o\u015bci!<\/p>\t\t\t\t\t\t<\/div>\n\t\t\t\t<\/div>\n\t\t\t\t\t<\/div>\n\t\t<\/div>\n\t\t\t\t\t\t\t<\/div>\n\t\t<\/section>\n\t\t\t\t\t\t<\/div>\n\t\t\t\t\t<\/div>\n\t\t","protected":false},"excerpt":{"rendered":"<p>Witam. Hodowla Labradomania Ceg FCI jest ma\u0142\u0105 domow\u0105 hodowl\u0105 ps\u00f3w rasy Labrador\u00a0Retriever zarejestrowan\u0105 w ZKwP\/FCI. Jest\u00a0to moja wielka pasja i mi\u0142o\u015b\u0107 do tych zwierz\u0105t od momentu pojawienia si\u0119 w moim<\/p>\n<p class=\"more-link\"><a href=\"https:\/\/labradomania.pl\/index.php\/o-nas\/\" class=\"readmore\">Continue reading<svg class=\"icon icon-arrow-right\" aria-hidden=\"true\" role=\"img\"> <use href=\"#icon-arrow-right\" xlink:href=\"#icon-arrow-right\"><\/use> <\/svg><span class=\"screen-reader-text\">o nas<\/span><\/a><\/p>\n","protected":false},"author":1,"featured_media":0,"parent":0,"menu_order":0,"comment_status":"closed","ping_status":"closed","template":"","meta":{"om_disable_all_campaigns":false,"_monsterinsights_skip_tracking":false,"_monsterinsights_sitenote_active":false,"_monsterinsights_sitenote_note":"","_monsterinsights_sitenote_category":0},"_links":{"self":[{"href":"https:\/\/labradomania.pl\/index.php\/wp-json\/wp\/v2\/pages\/52"}],"collection":[{"href":"https:\/\/labradomania.pl\/index.php\/wp-json\/wp\/v2\/pages"}],"about":[{"href":"https:\/\/labradomania.pl\/index.php\/wp-json\/wp\/v2\/types\/page"}],"author":[{"embeddable":true,"href":"https:\/\/labradomania.pl\/index.php\/wp-json\/wp\/v2\/users\/1"}],"replies":[{"embeddable":true,"href":"https:\/\/labradomania.pl\/index.php\/wp-json\/wp\/v2\/comments?post=52"}],"version-history":[{"count":11,"href":"https:\/\/labradomania.pl\/index.php\/wp-json\/wp\/v2\/pages\/52\/revisions"}],"predecessor-version":[{"id":193,"href":"https:\/\/labradomania.pl\/index.php\/wp-json\/wp\/v2\/pages\/52\/revisions\/193"}],"wp:attachment":[{"href":"https:\/\/labradomania.pl\/index.php\/wp-json\/wp\/v2\/media?parent=52"}],"curies":[{"name":"wp","href":"https:\/\/api.w.org\/{rel}","templated":true}]}}