{"id":45,"date":"2021-06-23T11:43:17","date_gmt":"2021-06-23T09:43:17","guid":{"rendered":"http:\/\/labradomania.pl\/?page_id=45"},"modified":"2025-11-12T16:42:22","modified_gmt":"2025-11-12T15:42:22","slug":"home","status":"publish","type":"page","link":"https:\/\/labradomania.pl\/","title":{"rendered":"home"},"content":{"rendered":"\t\t<div data-elementor-type=\"wp-page\" data-elementor-id=\"45\" class=\"elementor elementor-45\" data-elementor-settings=\"[]\">\n\t\t\t\t\t\t\t<div class=\"elementor-section-wrap\">\n\t\t\t\t\t\t\t<section class=\"elementor-section elementor-top-section elementor-element elementor-element-b4e807c elementor-section-stretched elementor-section-boxed elementor-section-height-default elementor-section-height-default\" data-id=\"b4e807c\" data-element_type=\"section\" data-settings=\"{&quot;stretch_section&quot;:&quot;section-stretched&quot;}\">\n\t\t\t\t\t\t<div class=\"elementor-container elementor-column-gap-default\">\n\t\t\t\t\t<div class=\"elementor-column elementor-col-33 elementor-top-column elementor-element elementor-element-083a0d8\" data-id=\"083a0d8\" data-element_type=\"column\">\n\t\t\t<div class=\"elementor-widget-wrap elementor-element-populated\">\n\t\t\t\t\t\t\t\t<div class=\"elementor-element elementor-element-d53129d elementor-widget elementor-widget-image\" data-id=\"d53129d\" data-element_type=\"widget\" data-widget_type=\"image.default\">\n\t\t\t\t<div class=\"elementor-widget-container\">\n\t\t\t\t\t\t\t\t\t\t\t\t\t\t\t<img width=\"191\" height=\"191\" src=\"https:\/\/labradomania.pl\/wp-content\/uploads\/2021\/06\/b11641048fb14a7755da381207516ea3_191x191.png\" class=\"attachment-large size-large\" alt=\"\" loading=\"lazy\" srcset=\"https:\/\/labradomania.pl\/wp-content\/uploads\/2021\/06\/b11641048fb14a7755da381207516ea3_191x191.png 191w, https:\/\/labradomania.pl\/wp-content\/uploads\/2021\/06\/b11641048fb14a7755da381207516ea3_191x191-150x150.png 150w, https:\/\/labradomania.pl\/wp-content\/uploads\/2021\/06\/b11641048fb14a7755da381207516ea3_191x191-140x140.png 140w, https:\/\/labradomania.pl\/wp-content\/uploads\/2021\/06\/b11641048fb14a7755da381207516ea3_191x191-50x50.png 50w, https:\/\/labradomania.pl\/wp-content\/uploads\/2021\/06\/b11641048fb14a7755da381207516ea3_191x191-80x80.png 80w\" sizes=\"(max-width: 191px) 100vw, 191px\" \/>\t\t\t\t\t\t\t\t\t\t\t\t\t\t\t<\/div>\n\t\t\t\t<\/div>\n\t\t\t\t<div class=\"elementor-element elementor-element-a21d074 elementor-widget elementor-widget-image\" data-id=\"a21d074\" data-element_type=\"widget\" data-widget_type=\"image.default\">\n\t\t\t\t<div class=\"elementor-widget-container\">\n\t\t\t\t\t\t\t\t\t\t\t\t\t\t\t<img width=\"256\" height=\"154\" src=\"https:\/\/labradomania.pl\/wp-content\/uploads\/2021\/06\/fd363b0e6a1a7390a558dfeec07010ef_256x154.png\" class=\"attachment-large size-large\" alt=\"\" loading=\"lazy\" \/>\t\t\t\t\t\t\t\t\t\t\t\t\t\t\t<\/div>\n\t\t\t\t<\/div>\n\t\t\t\t\t<\/div>\n\t\t<\/div>\n\t\t\t\t<div class=\"elementor-column elementor-col-33 elementor-top-column elementor-element elementor-element-fa0ba68\" data-id=\"fa0ba68\" data-element_type=\"column\">\n\t\t\t<div class=\"elementor-widget-wrap elementor-element-populated\">\n\t\t\t\t\t\t\t\t<div class=\"elementor-element elementor-element-6c1502c elementor-widget elementor-widget-text-editor\" data-id=\"6c1502c\" data-element_type=\"widget\" data-widget_type=\"text-editor.default\">\n\t\t\t\t<div class=\"elementor-widget-container\">\n\t\t\t\t\t\t\t\t<h3 style=\"text-align: center;\"><span style=\"color: #000000;\">AKTUALNO\u015aCI<\/span><\/h3>\t\t\t\t\t\t<\/div>\n\t\t\t\t<\/div>\n\t\t\t\t<div class=\"elementor-element elementor-element-ae17b5e elementor-widget elementor-widget-text-editor\" data-id=\"ae17b5e\" data-element_type=\"widget\" data-widget_type=\"text-editor.default\">\n\t\t\t\t<div class=\"elementor-widget-container\">\n\t\t\t\t\t\t\t\t<p><b>W 2025 roku planujemy jeszcze jeden miot:<br \/>&#8211; grudzie\u0144\/stycze\u0144 &#8211; miot czekoladowy.<\/b><\/p><p><strong>Z miotu urodzonego 28.10.2025r. nie mamy wolnych szczeni\u0105t.<\/strong><\/p>\t\t\t\t\t\t<\/div>\n\t\t\t\t<\/div>\n\t\t\t\t<div class=\"elementor-element elementor-element-834abde elementor-widget elementor-widget-image\" data-id=\"834abde\" data-element_type=\"widget\" data-widget_type=\"image.default\">\n\t\t\t\t<div class=\"elementor-widget-container\">\n\t\t\t\t\t\t\t\t\t\t\t\t\t\t\t<img width=\"795\" height=\"1024\" src=\"https:\/\/labradomania.pl\/wp-content\/uploads\/2021\/11\/1638178333528-795x1024.jpg\" class=\"attachment-large size-large\" alt=\"\" loading=\"lazy\" srcset=\"https:\/\/labradomania.pl\/wp-content\/uploads\/2021\/11\/1638178333528-795x1024.jpg 795w, https:\/\/labradomania.pl\/wp-content\/uploads\/2021\/11\/1638178333528-233x300.jpg 233w, https:\/\/labradomania.pl\/wp-content\/uploads\/2021\/11\/1638178333528-768x990.jpg 768w, https:\/\/labradomania.pl\/wp-content\/uploads\/2021\/11\/1638178333528-1192x1536.jpg 1192w, https:\/\/labradomania.pl\/wp-content\/uploads\/2021\/11\/1638178333528-1589x2048.jpg 1589w, https:\/\/labradomania.pl\/wp-content\/uploads\/2021\/11\/1638178333528.jpg 1787w\" sizes=\"(max-width: 795px) 100vw, 795px\" \/>\t\t\t\t\t\t\t\t\t\t\t\t\t\t\t<\/div>\n\t\t\t\t<\/div>\n\t\t\t\t<div class=\"elementor-element elementor-element-ff79719 elementor-widget elementor-widget-image\" data-id=\"ff79719\" data-element_type=\"widget\" data-widget_type=\"image.default\">\n\t\t\t\t<div class=\"elementor-widget-container\">\n\t\t\t\t\t\t\t\t\t\t\t\t\t\t\t<img width=\"920\" height=\"599\" src=\"https:\/\/labradomania.pl\/wp-content\/uploads\/2021\/07\/209569349_4702630043083683_5950515643784450348_n-1024x667.jpg\" class=\"attachment-large size-large\" alt=\"\" loading=\"lazy\" srcset=\"https:\/\/labradomania.pl\/wp-content\/uploads\/2021\/07\/209569349_4702630043083683_5950515643784450348_n-1024x667.jpg 1024w, https:\/\/labradomania.pl\/wp-content\/uploads\/2021\/07\/209569349_4702630043083683_5950515643784450348_n-300x195.jpg 300w, https:\/\/labradomania.pl\/wp-content\/uploads\/2021\/07\/209569349_4702630043083683_5950515643784450348_n-768x500.jpg 768w, https:\/\/labradomania.pl\/wp-content\/uploads\/2021\/07\/209569349_4702630043083683_5950515643784450348_n.jpg 1366w\" sizes=\"(max-width: 920px) 100vw, 920px\" \/>\t\t\t\t\t\t\t\t\t\t\t\t\t\t\t<\/div>\n\t\t\t\t<\/div>\n\t\t\t\t<div class=\"elementor-element elementor-element-d62f41c elementor--h-position-center elementor--v-position-middle elementor-arrows-position-inside elementor-pagination-position-inside elementor-widget elementor-widget-slides\" data-id=\"d62f41c\" data-element_type=\"widget\" data-settings=\"{&quot;navigation&quot;:&quot;both&quot;,&quot;autoplay&quot;:&quot;yes&quot;,&quot;pause_on_hover&quot;:&quot;yes&quot;,&quot;pause_on_interaction&quot;:&quot;yes&quot;,&quot;autoplay_speed&quot;:5000,&quot;infinite&quot;:&quot;yes&quot;,&quot;transition&quot;:&quot;slide&quot;,&quot;transition_speed&quot;:500}\" data-widget_type=\"slides.default\">\n\t\t\t\t<div class=\"elementor-widget-container\">\n\t\t\t\t\t<div class=\"elementor-swiper\">\n\t\t\t<div class=\"elementor-slides-wrapper elementor-main-swiper swiper-container\" dir=\"ltr\" data-animation=\"fadeInUp\">\n\t\t\t\t<div class=\"swiper-wrapper elementor-slides\">\n\t\t\t\t\t<div class=\"elementor-repeater-item-1398565 swiper-slide\"><div class=\"swiper-slide-bg\"><\/div><div class=\"swiper-slide-inner\" ><div class=\"swiper-slide-contents\"><div class=\"elementor-slide-heading\">Czy wiesz, ze...<\/div><div class=\"elementor-slide-description\">Labradory uwielbiaj\u0105 prac\u0119 fizyczn\u0105, lubi\u0105 aktywno\u015b\u0107, ruch i wyzwania. Ch\u0119tnie spaceruj\u0105, biegaj\u0105 lub aportuj\u0105 a nawet p\u0142ywaj\u0105 w wodzie.<\/div><\/div><\/div><\/div><div class=\"elementor-repeater-item-eea8525 swiper-slide\"><div class=\"swiper-slide-bg\"><\/div><div class=\"swiper-slide-inner\" ><div class=\"swiper-slide-contents\"><div class=\"elementor-slide-heading\">Czy wiesz, \u017ce...<\/div><div class=\"elementor-slide-description\">Sier\u015b\u0107 labrador\u00f3w jest kr\u00f3tka i \u0142atwa w piel\u0119gnacji. Zwykle psy te maj\u0105 umaszczenie \u017c\u00f3\u0142te, czekoladowe albo czarne.<\/div><\/div><\/div><\/div><div class=\"elementor-repeater-item-38f0998 swiper-slide\"><div class=\"swiper-slide-bg\"><\/div><div class=\"swiper-slide-inner\" ><div class=\"swiper-slide-contents\"><div class=\"elementor-slide-heading\">Czy wiesz, \u017ce...<\/div><div class=\"elementor-slide-description\">Pies rasy Labrador Retriever mo\u017ce by\u0107 psem przewodnikiem, doskonale nadaje si\u0119 jako opiekun dla osoby niepe\u0142nosprawnej,.<\/div><\/div><\/div><\/div>\t\t\t\t<\/div>\n\t\t\t\t\t\t\t\t\t\t\t\t\t\t\t<div class=\"swiper-pagination\"><\/div>\n\t\t\t\t\t\t\t\t\t\t\t\t\t\t\t\t<div class=\"elementor-swiper-button elementor-swiper-button-prev\">\n\t\t\t\t\t\t\t<i class=\"eicon-chevron-left\" aria-hidden=\"true\"><\/i>\n\t\t\t\t\t\t\t<span class=\"elementor-screen-only\">Previous<\/span>\n\t\t\t\t\t\t<\/div>\n\t\t\t\t\t\t<div class=\"elementor-swiper-button elementor-swiper-button-next\">\n\t\t\t\t\t\t\t<i class=\"eicon-chevron-right\" aria-hidden=\"true\"><\/i>\n\t\t\t\t\t\t\t<span class=\"elementor-screen-only\">Next<\/span>\n\t\t\t\t\t\t<\/div>\n\t\t\t\t\t\t\t\t\t\t\t\t<\/div>\n\t\t<\/div>\n\t\t\t\t<\/div>\n\t\t\t\t<\/div>\n\t\t\t\t\t<\/div>\n\t\t<\/div>\n\t\t\t\t<div class=\"elementor-column elementor-col-33 elementor-top-column elementor-element elementor-element-8ab520f\" data-id=\"8ab520f\" data-element_type=\"column\">\n\t\t\t<div class=\"elementor-widget-wrap elementor-element-populated\">\n\t\t\t\t\t\t\t\t<div class=\"elementor-element elementor-element-95a8cc7 elementor-widget elementor-widget-facebook-page\" data-id=\"95a8cc7\" data-element_type=\"widget\" data-widget_type=\"facebook-page.default\">\n\t\t\t\t<div class=\"elementor-widget-container\">\n\t\t\t<div class=\"elementor-facebook-widget fb-page\" data-href=\"https:\/\/www.facebook.com\/Domowa-Hodowla-Labrador-Retriever-Labradomania-Ceg-FCI-2373929165953794\" data-tabs=\"timeline\" data-height=\"531px\" data-width=\"500px\" data-small-header=\"false\" data-hide-cover=\"false\" data-show-facepile=\"true\" data-hide-cta=\"false\" style=\"min-height: 1px;height:531px\"><\/div>\t\t<\/div>\n\t\t\t\t<\/div>\n\t\t\t\t\t<\/div>\n\t\t<\/div>\n\t\t\t\t\t\t\t<\/div>\n\t\t<\/section>\n\t\t\t\t\t\t<\/div>\n\t\t\t\t\t<\/div>\n\t\t","protected":false},"excerpt":{"rendered":"<p>AKTUALNO\u015aCI W 2025 roku planujemy jeszcze jeden miot:&#8211; grudzie\u0144\/stycze\u0144 &#8211; miot czekoladowy. Z miotu urodzonego 28.10.2025r. nie mamy wolnych szczeni\u0105t. Czy wiesz, ze&#8230;Labradory uwielbiaj\u0105 prac\u0119 fizyczn\u0105, lubi\u0105 aktywno\u015b\u0107, ruch i<\/p>\n<p class=\"more-link\"><a href=\"https:\/\/labradomania.pl\/\" class=\"readmore\">Continue reading<svg class=\"icon icon-arrow-right\" aria-hidden=\"true\" role=\"img\"> <use href=\"#icon-arrow-right\" xlink:href=\"#icon-arrow-right\"><\/use> <\/svg><span class=\"screen-reader-text\">home<\/span><\/a><\/p>\n","protected":false},"author":1,"featured_media":0,"parent":0,"menu_order":0,"comment_status":"closed","ping_status":"closed","template":"elementor_theme","meta":{"om_disable_all_campaigns":false,"_monsterinsights_skip_tracking":false,"_monsterinsights_sitenote_active":false,"_monsterinsights_sitenote_note":"","_monsterinsights_sitenote_category":0},"_links":{"self":[{"href":"https:\/\/labradomania.pl\/index.php\/wp-json\/wp\/v2\/pages\/45"}],"collection":[{"href":"https:\/\/labradomania.pl\/index.php\/wp-json\/wp\/v2\/pages"}],"about":[{"href":"https:\/\/labradomania.pl\/index.php\/wp-json\/wp\/v2\/types\/page"}],"author":[{"embeddable":true,"href":"https:\/\/labradomania.pl\/index.php\/wp-json\/wp\/v2\/users\/1"}],"replies":[{"embeddable":true,"href":"https:\/\/labradomania.pl\/index.php\/wp-json\/wp\/v2\/comments?post=45"}],"version-history":[{"count":128,"href":"https:\/\/labradomania.pl\/index.php\/wp-json\/wp\/v2\/pages\/45\/revisions"}],"predecessor-version":[{"id":641,"href":"https:\/\/labradomania.pl\/index.php\/wp-json\/wp\/v2\/pages\/45\/revisions\/641"}],"wp:attachment":[{"href":"https:\/\/labradomania.pl\/index.php\/wp-json\/wp\/v2\/media?parent=45"}],"curies":[{"name":"wp","href":"https:\/\/api.w.org\/{rel}","templated":true}]}}